31, 331
What are the prime factors of 3632?
2, 227
What are the prime factors of 1031?
1031
What are the prime factors of 50590?
2, 5, 5059
List the prime factors of 978.
2, 3, 163
What are the prime factors of 17458?
2, 7, 29, 43
What are the prime factors of 17447?
73, 239
List the prime factors of 349.
349
List the prime factors of 636.
2, 3, 53
What are the prime factors of 5396?
2, 19, 71
List the prime factors of 2881.
43, 67
What are the prime factors of 16706?
2, 8353
What are the prime factors of 29378?
2, 37, 397
What are the prime factors of 1434?
2, 3, 239
What are the prime factors of 667?
23, 29
What are the prime factors of 72482?
2, 36241
What are the prime factors of 21332?
2, 5333
What are the prime factors of 1144?
2, 11, 13
List the prime factors of 15434.
2, 7717
List the prime factors of 2401.
7
List the prime factors of 106.
2, 53
List the prime factors of 352.
2, 11
List the prime factors of 23743.
23743
List the prime factors of 19884.
2, 3, 1657
What are the prime factors of 119010?
2, 3, 5, 3967
List the prime factors of 27053.
13, 2081
List the prime factors of 13936.
2, 13, 67
What are the prime factors of 415?
5, 83
List the prime factors of 108674.
2, 67, 811
List the prime factors of 39087.
3, 43, 101
What are the prime factors of 142560?
2, 3, 5, 11
What are the prime factors of 12969?
3, 11, 131
List the prime factors of 79456.
2, 13, 191
List the prime factors of 858.
2, 3, 11, 13
List the prime factors of 46424.
2, 7, 829
What are the prime factors of 57155?
5, 7, 23, 71
What are the prime factors of 1627?
1627
List the prime factors of 13807.
13807
What are the prime factors of 5783?
5783
List the prime factors of 5490.
2, 3, 5, 61
What are the prime factors of 22103?
23, 31
List the prime factors of 37420.
2, 5, 1871
List the prime factors of 60775.
5, 11, 13, 17
List the prime factors of 765.
3, 5, 17
What are the prime factors of 1739?
37, 47
List the prime factors of 4655.
5, 7, 19
What are the prime factors of 73?
73
What are the prime factors of 3930?
2, 3, 5, 131
List the prime factors of 888.
2, 3, 37
List the prime factors of 2321.
11, 211
List the prime factors of 28237.
11, 17, 151
What are the prime factors of 2797?
2797
What are the prime factors of 57177?
3, 6353
List the prime factors of 550.
2, 5, 11
What are the prime factors of 13319?
19, 701
What are the prime factors of 71925?
3, 5, 7, 137
List the prime factors of 16301.
16301
List the prime factors of 175671.
3, 131, 149
List the prime factors of 404.
2, 101
What are the prime factors of 1401?
3, 467
List the prime factors of 7007.
7, 11, 13
List the prime factors of 1897.
7, 271
List the prime factors of 11190.
2, 3, 5, 373
List the prime factors of 116.
2, 29
List the prime factors of 1041.
3, 347
List the prime factors of 25417.
7, 3631
What are the prime factors of 46818?
2, 3, 17
List the prime factors of 56957.
56957
What are the prime factors of 16787?
16787
List the prime factors of 14169.
3, 4723
What are the prime factors of 2140?
2, 5, 107
What are the prime factors of 123767?
7, 17681
What are the prime factors of 25157?
11, 2287
List the prime factors of 45590.
2, 5, 47, 97
List the prime factors of 963.
3, 107
What are the prime factors of 5224?
2, 653
What are the prime factors of 4154?
2, 31, 67
What are the prime factors of 126506?
2, 43, 1471
What are the prime factors of 688?
2, 43
What are the prime factors of 7214?
2, 3607
List the prime factors of 48923.
7, 29, 241
List the prime factors of 43720.
2, 5, 1093
List the prime factors of 1380.
2, 3, 5, 23
List the prime factors of 5620.
2, 5, 281
What are the prime factors of 8620?
2, 5, 431
List the prime factors of 71624.
2, 7, 1279
What are the prime factors of 8759?
19, 461
List the prime factors of 24529.
19, 1291
What are the prime factors of 6262?
2, 31, 101
List the prime factors of 10656.
2, 3, 37
What are the prime factors of 1157?
13, 89
List the prime factors of 70063.
7, 10009
What are the prime factors of 163641?
3, 54547
What are the prime factors of 6939?
3, 257
What are the prime factors of 1430?
2, 5, 11, 13
List the prime factors of 32930.
2, 5, 37, 89
List the prime factors of 13903.
13903
What are the prime factors of 4130?
2, 5, 7, 59
List the prime factors of 7218.
2, 3, 401
List the prime factors of 52364.
2, 13, 19, 53
What are the prime factors of 60299?
17, 3547
List the prime factors of 39669.
3, 7, 1889
What are the prime factors of 96854?
2, 79, 613
List the prime factors of 9537.
3, 11, 17
What are the prime factors of 41037?
3, 13679
What are the prime factors of 3550?
2, 5, 71
List the prime factors of 382.
2, 191
What are the prime factors of 45890?
2, 5, 13, 353
What are the prime factors of 2124?
2, 3, 59
List the prime factors of 1443.
3, 13, 37
List the prime factors of 219.
3, 73
List the prime factors of 75036.
2, 3, 13, 37
What are the prime factors of 387?
3, 43
What are the prime factors of 549?
3, 61
What are the prime factors of 940?
2, 5, 47
What are the prime factors of 20626?
2, 10313
List the prime factors of 18049.
18049
What are the prime factors of 3112?
2, 389
What are the prime factors of 10574?
2, 17, 311
What are the prime factors of 532?
2, 7, 19
List the prime factors of 26258.
2, 19, 691
List the prime factors of 818.
2, 409
What are the prime factors of 13193?
79, 167
List the prime factors of 33053.
33053
List the prime factors of 3110.
2, 5, 311
List the prime factors of 5672.
2, 709
What are the prime factors of 325?
5, 13
What are the prime factors of 2657?
2657
What are the prime factors of 4993?
4993
What are the prime factors of 61197?
3, 20399
What are the prime factors of 15823?
15823
List the prime factors of 25206.
2, 3, 4201
List the prime factors of 47565.
3, 5, 7, 151
What are the prime factors of 10647?
3, 7, 13
List the prime factors of 13238.
2, 6619
List the prime factors of 23837.
11, 197
What are the prime factors of 3287?
19, 173
What are the prime factors of 1278?
2, 3, 71
List the prime factors of 28035.
3, 5, 7, 89
List the prime factors of 38826.
2, 3, 719
What are the prime factors of 108626?
2, 7, 7759
What are the prime factors of 124?
2, 31
What are the prime factors of 2656?
2, 83
What are the prime factors of 18198?
2, 3, 337
List the prime factors of 2134.
2, 11, 97
What are the prime factors of 76055?
5, 7, 41, 53
List the prime factors of 5109.
3, 13, 131
What are the prime factors of 8097?
3, 2699
What are the prime factors of 1179?
3, 131
What are the prime factors of 3582?
2, 3, 199
What are the prime factors of 5780?
2, 5, 17
What are the prime factors of 1401?
3, 467
What are the prime factors of 451?
11, 41
List the prime factors of 841.
29
List the prime factors of 21462.
2, 3, 7, 73
What are the prime factors of 25620?
2, 3, 5, 7, 61
What are the prime factors of 86?
2, 43
List the prime factors of 13340.
2, 5, 23, 29
List the prime factors of 7188.
2, 3, 599
What are the prime factors of 1509?
3, 503
List the prime factors of 137093.
11, 103
What are the prime factors of 7510?
2, 5, 751
List the prime factors of 5169.
3, 1723
List the prime factors of 7277.
19, 383
List the prime factors of 58155.
3, 5, 3877
List the prime factors of 1170.
2, 3, 5, 13
What are the prime factors of 54408?
2, 3, 2267
What are the prime factors of 76900?
2, 5, 769
What are the prime factors of 1735?
5, 347
List the prime factors of 9975.
3, 5, 7, 19
What are the prime factors of 56212?
2, 13, 23, 47
What are the prime factors of 642?
2, 3, 107
List the prime factors of 3080.
2, 5, 7, 11
What are the prime factors of 2196?
2, 3, 61
List the prime factors of 2230.
2, 5, 223
List the prime factors of 1030.
2, 5, 103
List the prime factors of 2483.
13, 191
What are the prime factors of 3182?
2, 37, 43
List the prime factors of 127.
127
List the prime factors of 5207.
41, 127
List the prime factors of 1916.
2, 479
List the prime factors of 48987.
3, 5443
What are the prime factors of 31647?
3, 7, 11, 137
List the prime factors of 7425.
3, 5, 11
What are the prime factors of 32242?
2, 7, 47
List the prime factors of 8091.
3, 29, 31
What are the prime factors of 48?
2, 3
List the prime factors of 596.
2, 149
List the prime factors of 4166.
2, 2083
List the prime factors of 85081.
85081
Li